y 16?
9
Let o(z) = -24*z + 3 + 5*z - 47*z. Let s be o(2). What is the remainder when 18 is divided by s/(-18) + (-2)/12?
4
Suppose 5*f - 3*h = 81, 8*h = f + 5*h - 21. What is the remainder when 327 is divided by f?
12
Let t = 10 - 17. Let k = t - -25. Let s = -980 - -985. What is the remainder when k is divided by s?
3
Calculate the remainder when (-15075)/(-90)*(-12)/(-10) is divided by 41.
37
Suppose -c - 4*x = -6*c + 1074, -855 = -4*c - x. Calculate the remainder when c is divided by 110.
104
Suppose -5*d + 3*h + 109 = 0, -4*d + h = -7*d + 71. Calculate the remainder when 90 is divided by d.
21
What is the remainder when 103 is divided by ((-14)/(-3))/((-198)/(-297))?
5
Let g be (-72)/(-21)*(9 + -2). Suppose -2*d - g = -2*u, -6*u + u = d - 42. Calculate the remainder when 69 is divided by u.
6
Let l(g) = -g**2 + 10*g - 4. Let h be 16/8 - -1*4. Calculate the remainder when 99 is divided by l(h).
19
Suppose 0 = -0*i + 3*i - 522. Suppose -5*g = -3*y + 199, -4*g = -4*y + i + 94. Let w(d) = -10*d + 13. Calculate the remainder when y is divided by w(-1).
22
Let x = 1569 + -1483. Calculate the remainder when 320 is divided by x.
62
Suppose 0 = -3*f - 6, -q - 2*f + 5*f = -44. Suppose 107*v - 93 - 1298 = 0. What is the remainder when q is divided by v?
12
Let x(i) = i**3 - 6*i**2 - 6*i - 1. Let z(b) = -5*b - 10. Let a be z(3). Let u = 28 + a. Calculate the remainder when x(7) is divided by u.
0
Suppose 5*j + 4*h = -18 + 131, 0 = -5*h + 10. What is the remainder when 324/4 - -7 - (2 - -4) is divided by j?
19
Let d = -153 - -249. Calculate the remainder when d is divided by 35.
26
Suppose -414 = 2*m - 20*m. Let s = 3 + 3. What is the remainder when m is divided by s?
5
Let q = 169 + 306. Calculate the remainder when q is divided by 34.
33
Let l(g) = -g**2 + 8*g + 9. Let v be -1 + (306 - 0/(-2)). Suppose -y - v = -6*y. Calculate the remainder when y is divided by l(7).
13
Let u = 349 - 243. What is the remainder when u is divided by 27?
25
Let v = -101 + 171. Calculate the remainder when v is divided by (-75)/(-4) - (-75)/60.
10
Suppose -5*y + 10*u + 83 = 6*u, 0 = 3*y + 2*u - 41. Calculate the remainder when 162 is divided by y.
12
Let b = -62 + 71. Calculate the remainder when 439 is divided by b.
7
Let x = -21 + 13. Let t = x - -8. Suppose -5*f + 5*z + 145 = t, 0 = 2*f - 4*z + z - 62. Calculate the remainder when f is divided by 9.
7
Suppose -3*k + 53 = -2*k + j, 2*k - 86 = 3*j. What is the remainder when k is divided by 868/70 + 3/5?
10
Suppose j - 4*j = 30. Calculate the remainder when (212/20)/((-2)/j) is divided by 14.
11
Let k = 63 - 18. Let i = -27 + k. Calculate the remainder when 70 is divided by i.
16
Let j = 89 - 25. Let a = 76 - j. What is the remainder when 33 is divided by a?
9
Let z = 235 - 195. What is the remainder when 399 is divided by z?
39
Suppose 11 = 2*j + 4*b + 7, -3*b = 4*j - 38. Let g(w) = -w**3 - w**2 + 4. What is the remainder when g(-4) is divided by j?
10
Suppose 0 = 4*f - 5*u - 125 - 79, 3*f = 2*u + 146. What is the remainder when f is divided by 2?
0
Suppose z - 1 = 0, -744 + 90 = -5*l - 4*z. What is the remainder when l is divided by 3?
1
Let d(p) = 4*p + 12. Let h be d(5). Suppose -3*o + h = 5*j - 4*o, -2*j + 18 = -3*o. Calculate the remainder when 19 is divided by j.
1
Let h be (-6)/(5/90 - 0). Let t = 111 + h. What is the remainder when 6 is divided by t?
0
Let f(g) = -g**3 + 8*g**2 + 9*g - 3. Let y be f(9). Calculate the remainder when (-1 - y)*(-8)/(-4) is divided by 3.
1
Let t = -380 - -411. What is the remainder when t is divided by 17?
14
Let l(z) = 5*z + 3. Suppose -3*b + m + 20 = 0, m = -2*b - m. Suppose 5*h - 3*v = 541, v + 342 = 3*h + b*v. What is the remainder when h is divided by l(5)?
26
Suppose -1496 = -101*h + 84*h. What is the remainder when h is divided by 32?
24
Suppose 9*z - 35 = 10. What is the remainder when 60 is divided by z?
0
Let x = 11 - 2. Suppose -t + 2*i - 752 = 2*t, 2*t + 4*i + 480 = 0. What is the remainder when (-15)/(-75) - t/10 is divided by x?
7
Suppose 3*g + 36 = x, -4*x + 46 = 2*g - 70. Calculate the remainder when 1617 is divided by x.
27
Let a(f) = -f**3 - 10*f**2 - 4*f - 29. Let s be a(-10). Suppose -113 = -2*w - s. What is the remainder when 98 is divided by w?
47
Let c(i) = -19*i + 108. What is the remainder when 206 is divided by c(5)?
11
Suppose -s = 2*s + 4*a - 39, 0 = s + 3*a - 18. Calculate the remainder when ((3 - 3) + 169)*(-1 - -2) is divided by s.
7
Suppose 0 = 4*v - 10*v - 72. What is the remainder when ((-1926)/v*2/(-3))/(-1) is divided by 36?
35
Let m = 58 - 28. Let u = 54 - m. Calculate the remainder when 118 is divided by u.
22
Suppose 23*a = 2147 + 3304. Calculate the remainder when a is divided by 78.
3
Calculate the remainder when 110 is divided by 13 - 2 - 36/(-36).
2
Let r(s) = 3*s + 5. Let c be r(-1). Suppose c*h - h - 15 = -w, -w = -5*h + 15. What is the remainder when w is divided by 3?
1
Let f = -1657 + 1780. Calculate the remainder when 245 is divided by f.
122
Suppose -3*j = -133 - 1523. Suppose -2*z + 2*h + j = 0, 5*h - 910 = -5*z + 450. What is the remainder when z is divided by 46?
44
Let x(g) = 0*g**3 + g - 2*g**3 + 1 - 3*g + 6*g**3. Let v be x(1). Suppose -i = -v*i + 106. Calculate the remainder when i is divided by 18.
17
Suppose 5*k - 108 = -r + 60, 3*k = r + 104. Suppose 5*b + 3*p = 90, 0*b - p - 26 = -b. Calculate the remainder when k is divided by b.
13
What is the remainder when 81/54 + (2 - 957/(-2)) is divided by 81?
77
Let u(h) = -h**2 + 4*h. Let p be u(4). Suppose -5*o + 5*x = -79 - 76, p = 5*o - 4*x - 158. What is the remainder when o is divided by 7?
6
Let t = 174 + -136. What is the remainder when 99 is divided by t?
23
Let v = -298 + -122. What is the remainder when 137 is divided by (((-2)/(-2))/(-1))/(21/v)?
17
Let d be (-22)/99 - (-1534)/18. Suppose -68*i + 73*i = d. Calculate the remainder when 29 is divided by i.
12
Let o(s) = -s**3 + 12*s**2 - 15*s + 21. Let r be o(11). Let j = 49 + r. What is the remainder when 75 is divided by j?
23
Let z = 14 + -11. Suppose -10 = -z*u + 2. Suppose -u*o - t = -3, -2*o + 2*t = 8 - 22. Calculate the remainder when 7 is divided by o.
1
Suppose -17*y - 661 = -2854. Calculate the remainder when 247 is divided by y.
118
Suppose 2*l + 3*j = -171, -2*j + 106 - 24 = -l. Suppose 0 = -r + 2 + 4. Calculate the remainder when 2/(-4 + (-344)/l) is divided by r.
3
Suppose -3*s = -5*j - 141 + 18, 0 = s - j - 41. Suppose 0 = 53*x - 55*x + 408. Calculate the remainder when x is divided by s.
40
Let r be 12/(9 + 3)*(-3)/1. Let f(g) = 2*g**2 + 2*g - 4 + 0*g + 0. What is the remainder when 23 is divided by f(r)?
7
Let j = 300 - -444. Suppose 3*k - j = -5*z, 3*z + 5*k = k + 442. What is the remainder when z is divided by 38?
36
Let w = 99 - 25. Suppose -5*n + 11 = -w. Let m = 24 - -25. Calculate the remainder when m is divided by n.
15
Suppose h - 47 = 5*d, -18*d - 52 = -4*h - 15*d. Suppose 5*x + 3*l + 4 + 0 = 0, -9 = 3*l. Calculate the remainder when h is divided by -8*x/((-8)/6).
1
Suppose 0 = -11*s + 8*s + 66. What is the remainder when 45 is divided by s?
1
Suppose 10*v - 610 - 30 = 0. What is the remainder when v is divided by 22?
20
Suppose -w + 21 - 8 = 0. Let k = w + -10. Suppose 0 = -2*q + 10, q = 5*z - k*q - 15. What is the remainder when 20 is divided by z?
6
Suppose 0 = 5*r - 5*h, -5*h = -0*r - 3*r - 6. Let m(w) = -w**3 + 6*w**2 - 6*w + 5*w + 0*w**r - 5 + 0*w**3. Calculate the remainder when 68 is divided by m(4).
22
Let j(l) = 13*l - 27. Calculate the remainder when 138 is divided by j(4).
13
Suppose -l - 128 = 3*l. Let t(u) = u**2 - 17. Let d be t(0). Let p = d - l. Calculate the remainder when p is divided by 6.
3
Let s(c) be the second derivative of 10*c + 1/3*c**3 + 1/20*c**5 - 1/2*c**2 + 7/12*c**4 + 0. Calculate the remainder when 90 is divided by s(-6).
21
Suppose 4*s = 5*y + 626, -2*s + 2*y = 7*y - 328. Calculate the remainder when 469 is divided by s.
151
What is the remainder when 155/1 + -2*18/12 is divided by 11?
9
Suppose 3*j + 19 - 120 = -5*x, 4*x - 73 = -5*j. What is the remainder when 41 is divided by x?
19
Let n(w) = 2*w**2 - 11*w + 8. Suppose -11*a = -16*a + 45. Calculate the remainder when n(a) is divided by 25.
21
Let q(t) = -t**3 - 84*t**2 - 20*t + 19 + 40*t**2 + 23*t**2. Cal